[INFO] cloning repository https://github.com/Rose1917/git-sync
[INFO] running `Command { std: "git" "-c" "credential.helper=" "-c" "credential.helper=/workspace/cargo-home/bin/git-credential-null" "clone" "--bare" "https://github.com/Rose1917/git-sync" "/workspace/cache/git-repos/https%3A%2F%2Fgithub.com%2FRose1917%2Fgit-sync", kill_on_drop: false }`
[INFO] [stderr] Cloning into bare repository '/workspace/cache/git-repos/https%3A%2F%2Fgithub.com%2FRose1917%2Fgit-sync'...
[INFO] running `Command { std: "git" "rev-parse" "HEAD", kill_on_drop: false }`
[INFO] [stdout] 36d02c178e3fc580334796133182b9ac943a8646
[INFO] checking Rose1917/git-sync against master#9610dfe5a9a731ced1ea4923ecbd0c57fe367898 for beta-170-4
[INFO] running `Command { std: "git" "clone" "/workspace/cache/git-repos/https%3A%2F%2Fgithub.com%2FRose1917%2Fgit-sync" "/workspace/builds/worker-3-tc1/source", kill_on_drop: false }`
[INFO] [stderr] Cloning into '/workspace/builds/worker-3-tc1/source'...
[INFO] [stderr] done.
[INFO] validating manifest of git repo https://github.com/Rose1917/git-sync on toolchain 9610dfe5a9a731ced1ea4923ecbd0c57fe367898
[INFO] running `Command { std: CARGO_HOME="/workspace/cargo-home" RUSTUP_HOME="/workspace/rustup-home" "/workspace/cargo-home/bin/cargo" "+9610dfe5a9a731ced1ea4923ecbd0c57fe367898" "metadata" "--manifest-path" "Cargo.toml" "--no-deps", kill_on_drop: false }`
[INFO] started tweaking git repo https://github.com/Rose1917/git-sync
[INFO] finished tweaking git repo https://github.com/Rose1917/git-sync
[INFO] tweaked toml for git repo https://github.com/Rose1917/git-sync written to /workspace/builds/worker-3-tc1/source/Cargo.toml
[INFO] crate git repo https://github.com/Rose1917/git-sync already has a lockfile, it will not be regenerated
[INFO] running `Command { std: CARGO_HOME="/workspace/cargo-home" RUSTUP_HOME="/workspace/rustup-home" "/workspace/cargo-home/bin/cargo" "+9610dfe5a9a731ced1ea4923ecbd0c57fe367898" "fetch" "--manifest-path" "Cargo.toml", kill_on_drop: false }`
[INFO] [stderr]  Downloading crates ...
[INFO] [stderr]   Downloaded psutil v3.2.2
[INFO] running `Command { std: "docker" "create" "-v" "/var/lib/crater-agent-workspace/builds/worker-3-tc1/target:/opt/rustwide/target:rw,Z" "-v" "/var/lib/crater-agent-workspace/builds/worker-3-tc1/source:/opt/rustwide/workdir:ro,Z" "-v" "/var/lib/crater-agent-workspace/cargo-home:/opt/rustwide/cargo-home:ro,Z" "-v" "/var/lib/crater-agent-workspace/rustup-home:/opt/rustwide/rustup-home:ro,Z" "-e" "SOURCE_DIR=/opt/rustwide/workdir" "-e" "CARGO_TARGET_DIR=/opt/rustwide/target" "-e" "CARGO_HOME=/opt/rustwide/cargo-home" "-e" "RUSTUP_HOME=/opt/rustwide/rustup-home" "-w" "/opt/rustwide/workdir" "-m" "1610612736" "--user" "0:0" "--network" "none" "ghcr.io/rust-lang/crates-build-env/linux@sha256:19e73879b68f455e41552ea35293514db52ea292d993f571636dbffedb77a1ee" "/opt/rustwide/cargo-home/bin/cargo" "+9610dfe5a9a731ced1ea4923ecbd0c57fe367898" "metadata" "--no-deps" "--format-version=1", kill_on_drop: false }`
[INFO] [stdout] 0bc2b35202bb1f4b3fcbdca63a1f6a0e8a2742f9165b1492719722b6de6868b0
[INFO] running `Command { std: "docker" "start" "-a" "0bc2b35202bb1f4b3fcbdca63a1f6a0e8a2742f9165b1492719722b6de6868b0", kill_on_drop: false }`
[INFO] running `Command { std: "docker" "inspect" "0bc2b35202bb1f4b3fcbdca63a1f6a0e8a2742f9165b1492719722b6de6868b0", kill_on_drop: false }`
[INFO] running `Command { std: "docker" "rm" "-f" "0bc2b35202bb1f4b3fcbdca63a1f6a0e8a2742f9165b1492719722b6de6868b0", kill_on_drop: false }`
[INFO] [stdout] 0bc2b35202bb1f4b3fcbdca63a1f6a0e8a2742f9165b1492719722b6de6868b0
[INFO] running `Command { std: "docker" "create" "-v" "/var/lib/crater-agent-workspace/builds/worker-3-tc1/target:/opt/rustwide/target:rw,Z" "-v" "/var/lib/crater-agent-workspace/builds/worker-3-tc1/source:/opt/rustwide/workdir:ro,Z" "-v" "/var/lib/crater-agent-workspace/cargo-home:/opt/rustwide/cargo-home:ro,Z" "-v" "/var/lib/crater-agent-workspace/rustup-home:/opt/rustwide/rustup-home:ro,Z" "-e" "SOURCE_DIR=/opt/rustwide/workdir" "-e" "CARGO_TARGET_DIR=/opt/rustwide/target" "-e" "CARGO_INCREMENTAL=0" "-e" "RUST_BACKTRACE=full" "-e" "RUSTFLAGS=--cap-lints=forbid" "-e" "RUSTDOCFLAGS=--cap-lints=forbid" "-e" "CARGO_HOME=/opt/rustwide/cargo-home" "-e" "RUSTUP_HOME=/opt/rustwide/rustup-home" "-w" "/opt/rustwide/workdir" "-m" "1610612736" "--user" "0:0" "--network" "none" "ghcr.io/rust-lang/crates-build-env/linux@sha256:19e73879b68f455e41552ea35293514db52ea292d993f571636dbffedb77a1ee" "/opt/rustwide/cargo-home/bin/cargo" "+9610dfe5a9a731ced1ea4923ecbd0c57fe367898" "check" "--frozen" "--all" "--all-targets" "--message-format=json", kill_on_drop: false }`
[INFO] [stdout] 15335e2bf820a15d9f43371d9d6d3f774d43c810553dd0e744acb68cd9674bf7
[INFO] running `Command { std: "docker" "start" "-a" "15335e2bf820a15d9f43371d9d6d3f774d43c810553dd0e744acb68cd9674bf7", kill_on_drop: false }`
[INFO] [stderr]    Compiling syn v1.0.86
[INFO] [stderr]    Compiling libc v0.2.119
[INFO] [stderr]    Compiling serde_derive v1.0.136
[INFO] [stderr]    Compiling platforms v2.0.0
[INFO] [stderr]    Compiling serde v1.0.136
[INFO] [stderr]    Compiling num-traits v0.2.14
[INFO] [stderr]    Compiling num-integer v0.1.44
[INFO] [stderr]    Compiling unicode-segmentation v1.9.0
[INFO] [stderr]    Compiling argh_shared v0.1.7
[INFO] [stderr]     Checking glob v0.3.0
[INFO] [stderr]     Checking unescape v0.1.0
[INFO] [stderr]    Compiling quote v1.0.15
[INFO] [stderr]    Compiling heck v0.3.3
[INFO] [stderr]     Checking num_cpus v1.13.1
[INFO] [stderr]     Checking time v0.1.44
[INFO] [stderr]     Checking nix v0.23.1
[INFO] [stderr]     Checking dirs v1.0.5
[INFO] [stderr]     Checking chrono v0.4.19
[INFO] [stderr]    Compiling thiserror-impl v1.0.30
[INFO] [stderr]    Compiling argh_derive v0.1.7
[INFO] [stderr]    Compiling derive_more v0.99.17
[INFO] [stderr]     Checking argh v0.1.7
[INFO] [stderr]     Checking thiserror v1.0.30
[INFO] [stderr]     Checking psutil v3.2.2
[INFO] [stderr]     Checking toml v0.4.10
[INFO] [stderr]     Checking gsync v0.1.0 (/opt/rustwide/workdir)
[INFO] [stdout] error[E0583]: file not found for module `daemon`
[INFO] [stdout]   --> src/main.rs:18:1
[INFO] [stdout]    |
[INFO] [stdout] 18 | mod daemon;
[INFO] [stdout]    | ^^^^^^^^^^^
[INFO] [stdout]    |
[INFO] [stdout]    = help: to create the module `daemon`, create file "src/daemon.rs" or "src/daemon/mod.rs"
[INFO] [stdout] 
[INFO] [stdout] 
[INFO] [stdout] error[E0583]: file not found for module `daemon`
[INFO] [stdout]   --> src/main.rs:18:1
[INFO] [stdout]    |
[INFO] [stdout] 18 | mod daemon;
[INFO] [stdout]    | ^^^^^^^^^^^
[INFO] [stdout]    |
[INFO] [stdout]    = help: to create the module `daemon`, create file "src/daemon.rs" or "src/daemon/mod.rs"
[INFO] [stdout] 
[INFO] [stdout] 
[INFO] [stdout] warning: unused import: `toml::value::Datetime`
[INFO] [stdout]  --> src/main.rs:5:5
[INFO] [stdout]   |
[INFO] [stdout] 5 | use toml::value::Datetime;
[INFO] [stdout]   |     ^^^^^^^^^^^^^^^^^^^^^
[INFO] [stdout]   |
[INFO] [stdout]   = note: `#[warn(unused_imports)]` on by default
[INFO] [stdout] 
[INFO] [stdout] 
[INFO] [stdout] warning: unused import: `crate::daemon::*`
[INFO] [stdout]  --> src/main.rs:9:5
[INFO] [stdout]   |
[INFO] [stdout] 9 | use crate::daemon::*;
[INFO] [stdout]   |     ^^^^^^^^^^^^^^^^
[INFO] [stdout] 
[INFO] [stdout] 
[INFO] [stdout] warning: unused import: `crate::Subcommands`
[INFO] [stdout]  --> src/repos.rs:1:5
[INFO] [stdout]   |
[INFO] [stdout] 1 | use crate::Subcommands;
[INFO] [stdout]   |     ^^^^^^^^^^^^^^^^^^
[INFO] [stdout] 
[INFO] [stdout] 
[INFO] [stdout] warning: unused import: `toml::value::Datetime`
[INFO] [stdout]  --> src/main.rs:5:5
[INFO] [stdout]   |
[INFO] [stdout] 5 | use toml::value::Datetime;
[INFO] [stdout]   |     ^^^^^^^^^^^^^^^^^^^^^
[INFO] [stdout]   |
[INFO] [stdout]   = note: `#[warn(unused_imports)]` on by default
[INFO] [stdout] 
[INFO] [stdout] 
[INFO] [stdout] warning: unused imports: `ServerRepo`, `Status`
[INFO] [stdout]  --> src/repos.rs:2:41
[INFO] [stdout]   |
[INFO] [stdout] 2 | use crate::{Config, Repo, ServerConfig, ServerRepo, Status};
[INFO] [stdout]   |                                         ^^^^^^^^^^  ^^^^^^
[INFO] [stdout] 
[INFO] [stdout] 
[INFO] [stdout] warning: unused import: `crate::daemon::*`
[INFO] [stdout]  --> src/main.rs:9:5
[INFO] [stdout]   |
[INFO] [stdout] 9 | use crate::daemon::*;
[INFO] [stdout]   |     ^^^^^^^^^^^^^^^^
[INFO] [stdout] 
[INFO] [stdout] 
[INFO] [stdout] warning: unused imports: `DaemonArgs`, `ServerArgs`
[INFO] [stdout]  --> src/repos.rs:3:13
[INFO] [stdout]   |
[INFO] [stdout] 3 | use crate::{DaemonArgs, ListArgs, ServerArgs, TrackArgs, UntrackArgs};
[INFO] [stdout]   |             ^^^^^^^^^^            ^^^^^^^^^^
[INFO] [stdout] 
[INFO] [stdout] 
[INFO] [stdout] warning: unused import: `crate::Subcommands`
[INFO] [stdout]  --> src/repos.rs:1:5
[INFO] [stdout]   |
[INFO] [stdout] 1 | use crate::Subcommands;
[INFO] [stdout]   |     ^^^^^^^^^^^^^^^^^^
[INFO] [stdout] 
[INFO] [stdout] 
[INFO] [stdout] warning: unused import: `std::env`
[INFO] [stdout]  --> src/repos.rs:8:5
[INFO] [stdout]   |
[INFO] [stdout] 8 | use std::env;
[INFO] [stdout]   |     ^^^^^^^^
[INFO] [stdout] 
[INFO] [stdout] 
[INFO] [stdout] warning: unused imports: `ServerRepo`, `Status`
[INFO] [stdout]  --> src/repos.rs:2:41
[INFO] [stdout]   |
[INFO] [stdout] 2 | use crate::{Config, Repo, ServerConfig, ServerRepo, Status};
[INFO] [stdout]   |                                         ^^^^^^^^^^  ^^^^^^
[INFO] [stdout] 
[INFO] [stdout] 
[INFO] [stdout] warning: unused import: `std::path::Path`
[INFO] [stdout]   --> src/repos.rs:10:5
[INFO] [stdout]    |
[INFO] [stdout] 10 | use std::path::Path;
[INFO] [stdout]    |     ^^^^^^^^^^^^^^^
[INFO] [stdout] 
[INFO] [stdout] 
[INFO] [stdout] warning: unused imports: `DaemonArgs`, `ServerArgs`
[INFO] [stdout]  --> src/repos.rs:3:13
[INFO] [stdout]   |
[INFO] [stdout] 3 | use crate::{DaemonArgs, ListArgs, ServerArgs, TrackArgs, UntrackArgs};
[INFO] [stdout]   |             ^^^^^^^^^^            ^^^^^^^^^^
[INFO] [stdout] 
[INFO] [stdout] 
[INFO] [stdout] warning: unused import: `std::env`
[INFO] [stdout]  --> src/repos.rs:8:5
[INFO] [stdout]   |
[INFO] [stdout] 8 | use std::env;
[INFO] [stdout]   |     ^^^^^^^^
[INFO] [stdout] 
[INFO] [stdout] 
[INFO] [stdout] warning: unused import: `std::path::Path`
[INFO] [stdout]   --> src/repos.rs:10:5
[INFO] [stdout]    |
[INFO] [stdout] 10 | use std::path::Path;
[INFO] [stdout]    |     ^^^^^^^^^^^^^^^
[INFO] [stdout] 
[INFO] [stdout] 
[INFO] [stdout] error[E0425]: cannot find function `if_daemon_running` in this scope
[INFO] [stdout]    --> src/main.rs:225:9
[INFO] [stdout]     |
[INFO] [stdout] 225 |     if !if_daemon_running("gsyncd-fake") {
[INFO] [stdout]     |         ^^^^^^^^^^^^^^^^^ not found in this scope
[INFO] [stdout] 
[INFO] [stdout] 
[INFO] [stdout] error[E0425]: cannot find function `if_daemon_running` in this scope
[INFO] [stdout]    --> src/main.rs:225:9
[INFO] [stdout]     |
[INFO] [stdout] 225 |     if !if_daemon_running("gsyncd-fake") {
[INFO] [stdout]     |         ^^^^^^^^^^^^^^^^^ not found in this scope
[INFO] [stdout] 
[INFO] [stdout] 
[INFO] [stdout] error[E0423]: expected function, found module `daemon`
[INFO] [stdout]    --> src/main.rs:268:41
[INFO] [stdout]     |
[INFO] [stdout] 268 |         Subcommands::Daemon(subargs) => daemon(&subargs, &mut toml_conf),
[INFO] [stdout]     |                                         ^^^^^^ not a function
[INFO] [stdout] 
[INFO] [stdout] 
[INFO] [stdout] error[E0423]: expected function, found module `daemon`
[INFO] [stdout]    --> src/main.rs:268:41
[INFO] [stdout]     |
[INFO] [stdout] 268 |         Subcommands::Daemon(subargs) => daemon(&subargs, &mut toml_conf),
[INFO] [stdout]     |                                         ^^^^^^ not a function
[INFO] [stdout] 
[INFO] [stdout] 
[INFO] [stdout] error: aborting due to 3 previous errors; 7 warnings emitted
[INFO] [stdout] 
[INFO] [stdout] 
[INFO] [stdout] Some errors have detailed explanations: E0423, E0425, E0583.
[INFO] [stdout] 
[INFO] [stdout] For more information about an error, try `rustc --explain E0423`.
[INFO] [stdout] 
[INFO] [stdout] error: aborting due to 3 previous errors; 7 warnings emitted
[INFO] [stdout] 
[INFO] [stdout] 
[INFO] [stdout] Some errors have detailed explanations: E0423, E0425, E0583.
[INFO] [stdout] 
[INFO] [stdout] For more information about an error, try `rustc --explain E0423`.
[INFO] [stdout] 
[INFO] [stderr] error: could not compile `gsync` (bin "gsync" test) due to 4 previous errors; 7 warnings emitted
[INFO] [stderr] warning: build failed, waiting for other jobs to finish...
[INFO] [stderr] error: could not compile `gsync` (bin "gsync") due to 4 previous errors; 7 warnings emitted
[INFO] running `Command { std: "docker" "inspect" "15335e2bf820a15d9f43371d9d6d3f774d43c810553dd0e744acb68cd9674bf7", kill_on_drop: false }`
[INFO] running `Command { std: "docker" "rm" "-f" "15335e2bf820a15d9f43371d9d6d3f774d43c810553dd0e744acb68cd9674bf7", kill_on_drop: false }`
[INFO] [stdout] 15335e2bf820a15d9f43371d9d6d3f774d43c810553dd0e744acb68cd9674bf7
